- 7*f - 6. Let c(s) = 2*m(s) - 7*o(s). Calculate c(g).
-6
Let z = 6 - 3. Let p(j) = j - 6. What is p(z)?
-3
Let g(b) = -8*b + 1. Let r(a) = -a**2 + 8*a + 11. Let v be r(9). Give g(v).
-15
Let d(x) = 2*x + 1. Let r(g) = g - 4 - g + 4*g. Let z be r(5). Let k be 3/(-12) - 12/z. What is d(k)?
-1
Suppose -2*s + 4*s - 10 = 0. Let f(b) = 7*b**2 - 6*b**2 + b - b**3 + 3*b**2 + 3*b. What is f(s)?
-5
Let v = 6 - 4. Let p(n) be the first derivative of -n**4/4 - n**3/3 + n**2/2 + n - 3. Give p(v).
-9
Let b(a) be the second derivative of -a**4/12 + 2*a**3/3 - 7*a. Let d = -7 + 9. What is b(d)?
4
Suppose 5*w - 3*a = -a - 15, 3*w + 28 = 5*a. Let z(y) = -2*y - 3. Let j(q) = -4*q - 5. Let d(b) = -3*j(b) + 5*z(b). Determine d(w).
-2
Let b(x) be the third derivative of 0*x - 1/6*x**5 + 1/24*x**4 - 2*x**2 + 0 - 1/6*x**3. Give b(1).
-10
Suppose -2*q = -3 - 11. Let k(x) = x**3 - 8*x**2 + 9*x - 7. What is k(q)?
7
Let d(c) be the second derivative of -1/2*c**2 - 4*c + 1/4*c**4 + 0 + 0*c**3 - 1/20*c**5. What is d(2)?
3
Let w = -7 + 2. Let b be w/2*(-12)/15. Let m(x) = -x**3 + 4*x**2 - 2*x - 1. Calculate m(b).
3
Let o(y) = y**3 + 4*y**2 - 7*y - 5. Suppose -3*k + 5 = -7. Suppose 0 = -u + k*u + 15. What is o(u)?
5
Suppose -5*q + 19 = -6. Suppose -q*l = 4*j + 26, 2*l + 13 + 11 = -5*j. Let d(o) = o**3 + 5*o**2 + 3*o - 4. What is d(j)?
0
Let r be (-24)/(-9) - 2/(-6). Suppose -r*w = -9 - 0. Let a(p) = w + p - 5*p + 5*p - 6. Give a(4).
1
Let j(t) = -t**2 - 8*t + 6. Let d(p) = p - 3. Let n be d(-5). What is j(n)?
6
Suppose k + 4*h = -10, 3*k = k - 2*h + 4. Let m be 3/k - (-14)/4. Let z = m - 3. Let n(b) = 5*b**3 - b**2 + 1. Give n(z).
5
Let j be (5/(-2))/(2/(-28)). Suppose 0*a - a - 4*d = 18, -5*d - j = -5*a. Let w(l) = l**2 + 2*l + 1. Determine w(a).
9
Let f be ((-2)/(-4))/(1/(-8)). Let p(j) = -4. Let x(r) = -r + 29. Let b(t) = -6*p(t) - x(t). Calculate b(f).
-9
Let i(k) be the first derivative of 0*k**2 - 5/3*k**3 + 1/4*k**4 - 5*k - 3. What is i(5)?
-5
Let y = -60 + 54. Let q(x) = 2*x - 1. Give q(y).
-13
Let i(p) = p + 19 - 4*p**2 - 15 + p**3 + 2*p - 10. Determine i(4).
6
Let o(v) = -11*v - 17. Let j(w) = 5*w + 8. Let t(l) = -9*j(l) - 4*o(l). Let s(g) = g - 6. Let u be s(3). Calculate t(u).
-1
Let t(m) be the second derivative of -m**3/2 - 3*m**2 - m. Suppose -2*n = -6 + 8. Let w = n + -4. Determine t(w).
9
Let j(y) = -y - 1. Let m(k) = 1. Let g(r) = -j(r) + 3*m(r). What is g(6)?
10
Let a be (10/(-30))/(1/(-12)). Let x(h) = h**3 - 5*h**2 + 5*h - 5. Give x(a).
-1
Let v(f) = -3*f**3 - 7*f**2 - 5*f. Let z(m) = 10*m**3 + 22*m**2 + 16*m. Let w(x) = 7*v(x) + 2*z(x). Give w(-4).
-4
Let n(b) = b + 3*b - 5*b. What is n(4)?
-4
Let s(i) = i**2 - 2*i - 12. Let j be s(5). Let y(n) be the first derivative of j*n + 1/4*n**4 - 1/3*n**3 - 3/2*n**2 + 4. What is y(2)?
1
Let n(s) be the first derivative of -s**3/3 + 7*s**2/2 - 4*s - 57. What is n(6)?
2
Let p(u) = 6*u**3 - u**2. Let m(x) = x**2 - 5*x - 5. Let n be m(6). What is p(n)?
5
Let y(f) = -4 + 0 + 1 - f - 2. Let o be y(-6). Let u(a) = -a + 2*a + 2 - 3 - o. Give u(3).
1
Let v(p) = p**3 + 7*p**2 + 9*p + 8. Suppose 3*y = 4*t - 2, t + 37 = -3*y + 15. Determine v(y).
-10
Let z be 2 + 1 + (-3)/(-3). Let a(s) = -2*s - z*s + 8*s. Give a(-1).
-2
Let c = -16 - -19. Suppose -4*m = -4*d + 20, d - 9 = -0*d + c*m. Let g(u) = u**3 - 4*u**2 + 3*u. What is g(d)?
0
Let v(k) = -k + 3. Suppose 0*c + 4*c + 4*j + 20 = 0, 0 = 2*c - 2*j + 2. Give v(c).
6
Let v = 2 + 3. Let d(p) = 5 - 2 + p - 2. Determine d(v).
6
Let h(l) = -12*l**3 - 1. Let s(x) = -x - 7. Let a be s(-9). Suppose 7*j - 4*j + 5*o + 23 = 0, 0 = -2*j - a*o - 10. What is h(j)?
11
Let y(o) = o**3 + o**2 - o - 5. Suppose 4*m - 4*f - 36 = -m, 5*f + 24 = m. Let g(q) = 2*q**3 + 2*q**2 - 2*q - 11. Let j(b) = m*g(b) - 9*y(b). What is j(0)?
1
Suppose 0 = 2*i + k + 17 - 3, -5*k + 2 = -2*i. Let l = i + 5. Let j(r) = r**2 - r - 1 + 0 - 2*r**2. Give j(l).
-1
Let v(z) be the second derivative of -z**5/20 - 5*z**4/12 - 2*z**3/3 - 3*z**2/2 + 4*z. What is v(-2)?
-7
Let f(p) be the third derivative of p**4/24 - 3*p**3/2 - p**2. Suppose 3*c + 0*c = 12. Suppose 5*u - 4*m + 8 = 0, u - 2*m = -0*u - c. What is f(u)?
-9
Let b(w) be the second derivative of -5*w**4/12 + w**3/3 - w**2/2 + 33*w. Let u = 3 - 2. What is b(u)?
-4
Let m(s) = s + 1. Let b(w) = -7*w - 2. Let g(u) = b(u) + 3*m(u). What is g(1)?
-3
Let r(s) = 3*s - 3. Let j be ((-6)/(-9))/(-1 - (-13)/15). What is r(j)?
-18
Let z(s) = 2*s - 5. Let h = 11 - 17. Let v be (-66)/(-18) - 2/h. Give z(v).
3
Let h(s) = -s**3 - s**2 - s - 4. Let n = 31 + -18. Let q = n - 8. Suppose -q*v - 5*d = -0*v + 15, d = -3. Determine h(v).
-4
Let o(u) = u**2 + 12*u - 7. Let l(n) = n**2 + 10*n - 6. Let i(k) = 6*l(k) - 5*o(k). Calculate i(-2).
3
Let u be 28/6*12/8. Let p(q) = u + 0 - 17*q + 4. Let n(y) = -11*y + 7. Let d(h) = -8*n(h) + 5*p(h). Give d(-1).
-4
Let r(k) = -12*k - k**2 - 17*k + 26*k + 2*k**2 + 4. Let u = 11 - 7. Give r(u).
8
Let w(u) be the first derivative of -u**2/2 - u + 10. Let l(n) = -8*n - 2. Let m(i) = -l(i) + 4*w(i). Give m(3).
10
Let h(d) = -1 - 2*d + 3*d - 6*d + 7*d + 2*d**2. Determine h(1).
3
Suppose -a + 5 = 3. Let h(r) = 3 + 2*r**2 - 2 - r**a - 5*r + 0*r. Calculate h(5).
1
Let b(m) be the third derivative of -m**2 - 2/3*m**3 + 0*m + 0 - 1/12*m**4. Give b(3).
-10
Let v(h) be the first derivative of 5*h**3/3 - h**2/2 - 43. What is v(1)?
4
Let n(z) = 0 - 3*z**2 + 4*z**2 - 2 + 7*z + 4. Suppose 5*o + 41 = 4*l, -o + l + 7 = 4*l. Calculate n(o).
-8
Suppose -13 = -g + v - 3*v, 4*g = 5*v - 13. Let j(n) = -2*n**2 + 2*n + 2. Give j(g).
-10
Let m(y) = -2*y**2 - 10*y + 1. Let w be m(-5). Let k(u) = -u**2. Let h(o) = 5*o**3 - o**2 - o. Let c(j) = -h(j) + 2*k(j). Calculate c(w).
-5
Let p = -102 + 101. Let z(s) = 9*s**3 - 2*s**2 - s. What is z(p)?
-10
Let h(u) = -u**3 + 8*u**2 + 4. Let n be h(8). Suppose -10 = -n*y - y. Let l(d) = d + 2*d**2 - y + 2. Determine l(1).
3
Let x(m) = -7*m**3 + 15*m**2 + 9*m + 8. Let h(j) = -3*j**3 + 7*j**2 + 4*j + 4. Let f(v) = 9*h(v) - 4*x(v). Determine f(-3).
4
Let q(u) be the third derivative of u**4/24 - u**3 - 6*u**2. What is q(0)?
-6
Let f = 0 - -19. Let r = f - 15. Let k(w) = -w + 2. Determine k(r).
-2
Suppose -2*x + x - 3*b = -10, 2*x + 4*b - 16 = 0. Suppose s + 8 = 4*p, s - 4*p - 8 = -x*s. Let k(q) = -4*q**3 - 2*q**3 + 5 - 4*q**2 + 7*q**3 - q. What is k(s)?
1
Let q(o) = o**2 + 19 - 4*o - 18 + 0*o**2. What is q(3)?
-2
Let h(j) = j**3 + 5*j**2 + 3*j - 5. Suppose 0 = -4*n, 0*k - 3*n = 2*k + 8. Give h(k).
-1
Let i be (10/8)/((-1)/(-4)). Suppose -z - 4*v = -22, -i = 2*v - 3*v. Suppose 0 = 4*c - z - 2. Let j(d) = -8*d + 1. Calculate j(c).
-7
Let y(k) = 5*k**2 + 44*k + 8. Let r(i) = -i**2 - 11*i - 2. Let v(d) = -9*r(d) - 2*y(d). What is v(11)?
2
Let p(t) = 0 + 0 - 2*t**2 - t - t**3 - 1 + 0*t**2. Give p(-3).
11
Let o(n) = -n**2 - 6*n + 2. Let j(y) = y**2 - 33*y - 39. Let x be j(34). Give o(x).
7
Let i(j) = j + 4. Let w be (-1)/(-4 + 15/4). Determine i(w).
8
Let l(d) = -4*d**3 - 7*d**2 - 5*d - 10. Let s(h) = -5*h**3 - 7*h**2 - 6*h - 10. Let v(t) = -4*l(t) + 3*s(t). Determine v(-7).
-4
Suppose j - 1 = -3*i + 5*i, -12 = 4*j. Let l = i + 0. Let y(t) = t**3 + t**2 + t + 2. What is y(l)?
-4
Let w be 2*(14/4 + -1). Let x(b) = 9*b - 3*b - 4 + w - b. Let r(d) = d. Let u be r(-1). Calculate x(u).
-4
Suppose 4*z - 9 = 11. Let w(a) = -8 + 5*a**2 - 6*a**2 + 2 + z*a. Give w(5).
-6
Let k(j) = 0 - 1 - 3*j + 2 - 2 + j**2. Let m = 15 - 10. Determine k(m).
9
Let i(d) = 5*d**3 + 4*d**2 - 4*d - 6. Let h(u) = -4*u**3 - 3*u**2 + 3*u + 5. Let k(x) = 4*h(x) + 3*i(x). Calculate k(0).
2
Let j(x) = x**2. Suppose 2 + 0 = -p. Determine j(p).
4
Let t(y) = y**2 - 7*y - 7. Let h be t(8). Let q(d) = 4*d**2 + 1 + 4 + h - 3*d**2. Calculate q(0).
6
Let w(s) = -11*s**2 + 3*s + 2. Let o(b) = 5*b**2 - b - 1. Let j(l) = -9*o(l) - 4*w(l). Let a be j(-3). Let p(i) = -3 - a + i + 3. What is p(-2)?
-3
Let f(n) be the second derivative of n**3/6 + n**2/2 + 76*n. Let s = 11 + -8. What is f(s)?
4
Let f(u) be the first derivative of u**4/4 + u**2 + 3*u - 4. Calculate f(-2).
-9
Let f be (-5)/(-10)*(4 + 0). Let q be 2 + (-4)/f - -1. Let t(p) = -2*p - 1. What is t(q)?
-3
Suppose 3*r - 10 = 5*v - r, 5*r - 25 = 0. Let f = v - 2. Let y(b) = b - 5. Calculate y(f).
-5
Suppose -2*p - 2 = 0, -5*c + 4*p 